{"version":"1.0","provider_name":"www.lehner-stylit.com","provider_url":"https:\/\/www.lehner-stylit.com\/en","author_name":"DigitalLehnerWool","author_url":"https:\/\/www.lehner-stylit.com\/en\/author\/digitallehnerwool\/","title":"Buntes \u00abDiversity\u00bb Ladendesign | STYLIT","type":"rich","width":600,"height":338,"html":"<blockquote class=\"wp-embedded-content\" data-secret=\"eVl01Qvk4t\"><a href=\"https:\/\/www.lehner-stylit.com\/en\/buntes-diversity-ladendesign\/\">Colourful \"diversity\" shop design<\/a><\/blockquote><iframe sandbox=\"allow-scripts\" security=\"restricted\" src=\"https:\/\/www.lehner-stylit.com\/en\/buntes-diversity-ladendesign\/embed\/#?secret=eVl01Qvk4t\" width=\"600\" height=\"338\" title=\"&#8220;Buntes \u00abDiversity\u00bb Ladendesign&#8221; &#8212; www.lehner-stylit.com\" data-secret=\"eVl01Qvk4t\" frameborder=\"0\" marginwidth=\"0\" marginheight=\"0\" scrolling=\"no\" class=\"wp-embedded-content\"><\/iframe><script type=\"text\/javascript\">\n\/* <![CDATA[ *\/\n\/*! This file is auto-generated *\/\n!function(d,l){\"use strict\";l.querySelector&&d.addEventListener&&\"undefined\"!=typeof URL&&(d.wp=d.wp||{},d.wp.receiveEmbedMessage||(d.wp.receiveEmbedMessage=function(e){var t=e.data;if((t||t.secret||t.message||t.value)&&!\/[^a-zA-Z0-9]\/.test(t.secret)){for(var s,r,n,a=l.querySelectorAll('iframe[data-secret=\"'+t.secret+'\"]'),o=l.querySelectorAll('blockquote[data-secret=\"'+t.secret+'\"]'),c=new RegExp(\"^https?:$\",\"i\"),i=0;i<o.length;i++)o[i].style.display=\"none\";for(i=0;i<a.length;i++)s=a[i],e.source===s.contentWindow&&(s.removeAttribute(\"style\"),\"height\"===t.message?(1e3<(r=parseInt(t.value,10))?r=1e3:~~r<200&&(r=200),s.height=r):\"link\"===t.message&&(r=new URL(s.getAttribute(\"src\")),n=new URL(t.value),c.test(n.protocol))&&n.host===r.host&&l.activeElement===s&&(d.top.location.href=t.value))}},d.addEventListener(\"message\",d.wp.receiveEmbedMessage,!1),l.addEventListener(\"DOMContentLoaded\",function(){for(var e,t,s=l.querySelectorAll(\"iframe.wp-embedded-content\"),r=0;r<s.length;r++)(t=(e=s[r]).getAttribute(\"data-secret\"))||(t=Math.random().toString(36).substring(2,12),e.src+=\"#?secret=\"+t,e.setAttribute(\"data-secret\",t)),e.contentWindow.postMessage({message:\"ready\",secret:t},\"*\")},!1)))}(window,document);\n\/\/# sourceURL=https:\/\/www.lehner-stylit.com\/wp-includes\/js\/wp-embed.min.js\n\/* ]]> *\/\n<\/script>","thumbnail_url":"https:\/\/www.lehner-stylit.com\/wp-content\/uploads\/2024\/12\/magazin-teaser-POS-DIV2-LM-3987.jpg","thumbnail_width":380,"thumbnail_height":580,"description":"Knallige Pastellfarben? Ja, das gibt es! Und zwar wenn Anja Ersing ihren kreativen Zauberstab schwingt und eine Ladengestaltung aus der sanften Farbpalette des DIVERSITY-Trends komponiert. Neckisch spielt sie mit Texturen, Farben und Formen und erweckt so Gl\u00fccksgef\u00fchle durch einen effektvollen Blumenstrau\u00df, eine pfiffige Geschenkverpackung oder durch eine originelle Vasengestaltung. Lass dich durch Anjas Ideen verf\u00fchren und kreiere etwas Diverses!"}

Knallige Pastellfarben? Ja, das gibt es! Und zwar wenn Anja Ersing ihren kreativen Zauberstab schwingt und eine Ladengestaltung aus der sanften Farbpalette des DIVERSITY-Trends komponiert. Neckisch spielt sie mit Texturen, Farben und Formen und erweckt so Glücksgefühle durch einen effektvollen Blumenstrauß, eine pfiffige Geschenkverpackung oder durch eine originelle Vasengestaltung. Lass dich durch Anjas Ideen verführen und kreiere etwas Diverses!
