{"version":"1.0","provider_name":"www.lehner-stylit.com","provider_url":"https:\/\/www.lehner-stylit.com\/de","author_name":"DigitalLehnerWool","author_url":"https:\/\/www.lehner-stylit.com\/de\/author\/digitallehnerwool\/","title":"Schale f\u00fcr den Fr\u00fchling | STYLIT","type":"rich","width":600,"height":338,"html":"<blockquote class=\"wp-embedded-content\" data-secret=\"4q2TkZQy2B\"><a href=\"https:\/\/www.lehner-stylit.com\/de\/schale-fur-den-fruhling\/\">Schale f\u00fcr den Fr\u00fchling<\/a><\/blockquote><iframe sandbox=\"allow-scripts\" security=\"restricted\" src=\"https:\/\/www.lehner-stylit.com\/de\/schale-fur-den-fruhling\/embed\/#?secret=4q2TkZQy2B\" width=\"600\" height=\"338\" title=\"&#8222;Schale f\u00fcr den Fr\u00fchling&#8220; &#8211; www.lehner-stylit.com\" data-secret=\"4q2TkZQy2B\" frameborder=\"0\" marginwidth=\"0\" marginheight=\"0\" scrolling=\"no\" class=\"wp-embedded-content\"><\/iframe><script type=\"text\/javascript\">\n\/* <![CDATA[ *\/\n\/*! This file is auto-generated *\/\n!function(d,l){\"use strict\";l.querySelector&&d.addEventListener&&\"undefined\"!=typeof URL&&(d.wp=d.wp||{},d.wp.receiveEmbedMessage||(d.wp.receiveEmbedMessage=function(e){var t=e.data;if((t||t.secret||t.message||t.value)&&!\/[^a-zA-Z0-9]\/.test(t.secret)){for(var s,r,n,a=l.querySelectorAll('iframe[data-secret=\"'+t.secret+'\"]'),o=l.querySelectorAll('blockquote[data-secret=\"'+t.secret+'\"]'),c=new RegExp(\"^https?:$\",\"i\"),i=0;i<o.length;i++)o[i].style.display=\"none\";for(i=0;i<a.length;i++)s=a[i],e.source===s.contentWindow&&(s.removeAttribute(\"style\"),\"height\"===t.message?(1e3<(r=parseInt(t.value,10))?r=1e3:~~r<200&&(r=200),s.height=r):\"link\"===t.message&&(r=new URL(s.getAttribute(\"src\")),n=new URL(t.value),c.test(n.protocol))&&n.host===r.host&&l.activeElement===s&&(d.top.location.href=t.value))}},d.addEventListener(\"message\",d.wp.receiveEmbedMessage,!1),l.addEventListener(\"DOMContentLoaded\",function(){for(var e,t,s=l.querySelectorAll(\"iframe.wp-embedded-content\"),r=0;r<s.length;r++)(t=(e=s[r]).getAttribute(\"data-secret\"))||(t=Math.random().toString(36).substring(2,12),e.src+=\"#?secret=\"+t,e.setAttribute(\"data-secret\",t)),e.contentWindow.postMessage({message:\"ready\",secret:t},\"*\")},!1)))}(window,document);\n\/* ]]> *\/\n<\/script>\n","thumbnail_url":"https:\/\/www.lehner-stylit.com\/wp-content\/uploads\/2024\/07\/magazin-teaser-SY_0063-1.jpg","thumbnail_width":380,"thumbnail_height":580,"description":"Verleih deinem Zuhause fr\u00fchlingshafte Frische mit der kunstvollen Dekoschale von Anja Ersing! Mit den leuchtenden Farben Gr\u00fcn, Orange und Mintgr\u00fcn wird diese Schale zum strahlenden Mittelpunkt deiner Dekoration. Sie eignet sich hervorragend, um Fr\u00fchlingsblumen, dekorative Accessoires oder einfach nur als farbenfrohes Highlight zu dienen. Lass dich von Anja Ersings kreativen Farben und dem lebhaften Design inspirieren und bringe mit dieser Schale eine spritzige Note in dein Interieur."}

Schale für den Frühling | STYLIT

<blockquote class="wp-embedded-content" data-secret="4q2TkZQy2B"><a href="https://www.lehner-stylit.com/de/schale-fur-den-fruhling/">Schale für den Frühling</a></blockquote><iframe sandbox="allow-scripts" security="restricted" src="https://www.lehner-stylit.com/de/schale-fur-den-fruhling/embed/#?secret=4q2TkZQy2B" width="600" height="338" title="&#8222;Schale für den Frühling&#8220; &#8211; www.lehner-stylit.com" data-secret="4q2TkZQy2B" frameborder="0" marginwidth="0" marginheight="0" scrolling="no" class="wp-embedded-content"></iframe><script type="text/javascript">
/* <![CDATA[ */
/*! This file is auto-generated */
!function(d,l){"use strict";l.querySelector&&d.addEventListener&&"undefined"!=typeof URL&&(d.wp=d.wp||{},d.wp.receiveEmbedMessage||(d.wp.receiveEmbedMessage=function(e){var t=e.data;if((t||t.secret||t.message||t.value)&&!/[^a-zA-Z0-9]/.test(t.secret)){for(var s,r,n,a=l.querySelectorAll('iframe[data-secret="'+t.secret+'"]'),o=l.querySelectorAll('blockquote[data-secret="'+t.secret+'"]'),c=new RegExp("^https?:$","i"),i=0;i<o.length;i++)o[i].style.display="none";for(i=0;i<a.length;i++)s=a[i],e.source===s.contentWindow&&(s.removeAttribute("style"),"height"===t.message?(1e3<(r=parseInt(t.value,10))?r=1e3:~~r<200&&(r=200),s.height=r):"link"===t.message&&(r=new URL(s.getAttribute("src")),n=new URL(t.value),c.test(n.protocol))&&n.host===r.host&&l.activeElement===s&&(d.top.location.href=t.value))}},d.addEventListener("message",d.wp.receiveEmbedMessage,!1),l.addEventListener("DOMContentLoaded",function(){for(var e,t,s=l.querySelectorAll("iframe.wp-embedded-content"),r=0;r<s.length;r++)(t=(e=s[r]).getAttribute("data-secret"))||(t=Math.random().toString(36).substring(2,12),e.src+="#?secret="+t,e.setAttribute("data-secret",t)),e.contentWindow.postMessage({message:"ready",secret:t},"*")},!1)))}(window,document);
/* ]]> */
</script>

Verleih deinem Zuhause frühlingshafte Frische mit der kunstvollen Dekoschale von Anja Ersing! Mit den leuchtenden Farben Grün, Orange und Mintgrün wird diese Schale zum strahlenden Mittelpunkt deiner Dekoration. Sie eignet sich hervorragend, um Frühlingsblumen, dekorative Accessoires oder einfach nur als farbenfrohes Highlight zu dienen. Lass dich von Anja Ersings kreativen Farben und dem lebhaften Design inspirieren und bringe mit dieser Schale eine spritzige Note in dein Interieur.
